{"id":1408,"date":"2017-11-13T11:47:24","date_gmt":"2017-11-13T10:47:24","guid":{"rendered":"http:\/\/www.escorpain.fr\/?page_id=1408"},"modified":"2018-01-11T08:26:38","modified_gmt":"2018-01-11T07:26:38","slug":"collecte","status":"publish","type":"page","link":"https:\/\/www.escorpain.fr\/?page_id=1408","title":{"rendered":"Collecte pharmacie"},"content":{"rendered":"<p><strong>Liste des pharmacies acceptant de collecter les m\u00e9dicaments p\u00e9rim\u00e9s<\/strong><\/p>\n<p><a href=\"http:\/\/www.escorpain.fr\/wp-content\/uploads\/2017\/11\/Pharmacie.jpg\" rel=\"attachment wp-att-1402\"><img loading=\"lazy\" decoding=\"async\" class=\"http:\/\/www.escorpain.fr\/wp-content\/uploads\/2017\/11\/Pharmacie.jpg alignnone wp-image-1402 size-full\" src=\"http:\/\/www.escorpain.fr\/wp-content\/uploads\/2017\/11\/Pharmacie.jpg\" alt=\"\" width=\"1100\" height=\"839\" srcset=\"https:\/\/www.escorpain.fr\/wp-content\/uploads\/2017\/11\/Pharmacie.jpg 1100w, https:\/\/www.escorpain.fr\/wp-content\/uploads\/2017\/11\/Pharmacie-300x229.jpg 300w, https:\/\/www.escorpain.fr\/wp-content\/uploads\/2017\/11\/Pharmacie-768x586.jpg 768w, https:\/\/www.escorpain.fr\/wp-content\/uploads\/2017\/11\/Pharmacie-1024x781.jpg 1024w\" sizes=\"auto, (max-width: 1100px) 100vw, 1100px\" \/><\/a><\/p>\n","protected":false},"excerpt":{"rendered":"<p>Liste des pharmacies acceptant de collecter les m\u00e9dicaments p\u00e9rim\u00e9s<\/p>\n","protected":false},"author":1,"featured_media":0,"parent":641,"menu_order":0,"comment_status":"closed","ping_status":"closed","template":"","meta":{"_exactmetrics_skip_tracking":false,"_exactmetrics_sitenote_active":false,"_exactmetrics_sitenote_note":"","_exactmetrics_sitenote_category":0,"_s2mail":"no","footnotes":""},"class_list":["post-1408","page","type-page","status-publish","hentry"],"_links":{"self":[{"href":"https:\/\/www.escorpain.fr\/index.php?rest_route=\/wp\/v2\/pages\/1408","targetHints":{"allow":["GET"]}}],"collection":[{"href":"https:\/\/www.escorpain.fr\/index.php?rest_route=\/wp\/v2\/pages"}],"about":[{"href":"https:\/\/www.escorpain.fr\/index.php?rest_route=\/wp\/v2\/types\/page"}],"author":[{"embeddable":true,"href":"https:\/\/www.escorpain.fr\/index.php?rest_route=\/wp\/v2\/users\/1"}],"replies":[{"embeddable":true,"href":"https:\/\/www.escorpain.fr\/index.php?rest_route=%2Fwp%2Fv2%2Fcomments&post=1408"}],"version-history":[{"count":3,"href":"https:\/\/www.escorpain.fr\/index.php?rest_route=\/wp\/v2\/pages\/1408\/revisions"}],"predecessor-version":[{"id":1500,"href":"https:\/\/www.escorpain.fr\/index.php?rest_route=\/wp\/v2\/pages\/1408\/revisions\/1500"}],"up":[{"embeddable":true,"href":"https:\/\/www.escorpain.fr\/index.php?rest_route=\/wp\/v2\/pages\/641"}],"wp:attachment":[{"href":"https:\/\/www.escorpain.fr\/index.php?rest_route=%2Fwp%2Fv2%2Fmedia&parent=1408"}],"curies":[{"name":"wp","href":"https:\/\/api.w.org\/{rel}","templated":true}]}}