{"id":34,"date":"2016-08-02T14:08:59","date_gmt":"2016-08-02T12:08:59","guid":{"rendered":"http:\/\/www.escorpain.fr\/?page_id=34"},"modified":"2026-03-24T09:51:42","modified_gmt":"2026-03-24T08:51:42","slug":"a-propos-de-la-mairie","status":"publish","type":"page","link":"https:\/\/www.escorpain.fr\/?page_id=34","title":{"rendered":"Mairie"},"content":{"rendered":"<h3>Horaires d&#8217;ouverture\u00a0de la mairie d&#8217;Escorpain<\/h3>\n<p>Lundi : 14h \u00e0 19h<br \/>Mercredi : 8h \u00e0 12h<br \/>Jeudi : 14h \u00e0 17h30<\/p>\n<p><span style=\"color: #008000;\">13 rue de la Mairie, 28270 Escorpain<\/span><\/p>\n<p><span style=\"color: #0000ff;\">T\u00e9l\u00e9phone : 02 37 38 11 64<br \/><\/span>Par email :\u00a0<a href=\"http:\/\/www.escorpain.fr\/?page_id=169\" target=\"_blank\" rel=\"noopener noreferrer\">ici<\/a><\/p>\n<hr \/>\n<h3><span style=\"color: #0000ff;\">Les \u00e9lus<\/span><\/h3>\n<p>St\u00e9phan DEBACKER<br \/><span style=\"color: #0000ff;\">Pascal GUIMARD<\/span><br \/>C\u00e9line PRUVOT<br \/><span style=\"color: #0000ff;\">Dominique DAL<\/span><br \/>Sylvain DEBACKER<br \/><span style=\"color: #0000ff;\">Marie DAVIOUD<\/span><br \/>Florian ELIE<br \/><span style=\"color: #0000ff;\">Floriane MARCHADIER<\/span><br \/>Eric FOULON<br \/><span style=\"color: #0000ff;\">Sandrine KREBS<\/span><br \/>Marc CHASSA<\/p>\n<hr \/>\n<p><a href=\"http:\/\/www.escorpain.fr\/?page_id=133\">Contact<\/a><\/p>\n\n\n<figure class=\"wp-block-image size-full\"><img loading=\"lazy\" decoding=\"async\" width=\"809\" height=\"604\" src=\"https:\/\/www.escorpain.fr\/wp-content\/uploads\/2022\/07\/image-14.png\" alt=\"\" class=\"wp-image-6722\" srcset=\"https:\/\/www.escorpain.fr\/wp-content\/uploads\/2022\/07\/image-14.png 809w, https:\/\/www.escorpain.fr\/wp-content\/uploads\/2022\/07\/image-14-300x224.png 300w, https:\/\/www.escorpain.fr\/wp-content\/uploads\/2022\/07\/image-14-768x573.png 768w\" sizes=\"auto, (max-width: 809px) 100vw, 809px\" \/><\/figure>\n","protected":false},"excerpt":{"rendered":"<p>Horaires d&#8217;ouverture\u00a0de la mairie d&#8217;Escorpain Lundi : 14h \u00e0 19hMercredi : 8h \u00e0 12hJeudi : 14h \u00e0 17h30 13 rue de la Mairie, 28270 Escorpain T\u00e9l\u00e9phone : 02 37 38 11 64Par email :\u00a0ici Les \u00e9lus St\u00e9phan DEBACKERPascal GUIMARDC\u00e9line PRUVOTDominique DALSylvain DEBACKERMarie DAVIOUDFlorian ELIEFloriane MARCHADIEREric FOULONSandrine KREBSMarc CHASSA Contact<\/p>\n","protected":false},"author":1,"featured_media":0,"parent":0,"menu_order":15,"comment_status":"closed","ping_status":"closed","template":"","meta":{"_exactmetrics_skip_tracking":false,"_exactmetrics_sitenote_active":false,"_exactmetrics_sitenote_note":"","_exactmetrics_sitenote_category":0,"_s2mail":"no","footnotes":""},"class_list":["post-34","page","type-page","status-publish","hentry"],"_links":{"self":[{"href":"https:\/\/www.escorpain.fr\/index.php?rest_route=\/wp\/v2\/pages\/34","targetHints":{"allow":["GET"]}}],"collection":[{"href":"https:\/\/www.escorpain.fr\/index.php?rest_route=\/wp\/v2\/pages"}],"about":[{"href":"https:\/\/www.escorpain.fr\/index.php?rest_route=\/wp\/v2\/types\/page"}],"author":[{"embeddable":true,"href":"https:\/\/www.escorpain.fr\/index.php?rest_route=\/wp\/v2\/users\/1"}],"replies":[{"embeddable":true,"href":"https:\/\/www.escorpain.fr\/index.php?rest_route=%2Fwp%2Fv2%2Fcomments&post=34"}],"version-history":[{"count":25,"href":"https:\/\/www.escorpain.fr\/index.php?rest_route=\/wp\/v2\/pages\/34\/revisions"}],"predecessor-version":[{"id":11034,"href":"https:\/\/www.escorpain.fr\/index.php?rest_route=\/wp\/v2\/pages\/34\/revisions\/11034"}],"wp:attachment":[{"href":"https:\/\/www.escorpain.fr\/index.php?rest_route=%2Fwp%2Fv2%2Fmedia&parent=34"}],"curies":[{"name":"wp","href":"https:\/\/api.w.org\/{rel}","templated":true}]}}

<h3>Horaires d&#8217;ouverture de la mairie d&#8217;Escorpain</h3>
<p>Lundi : 14h à 19h<br />Mercredi : 8h à 12h<br />Jeudi : 14h à 17h30</p>
<p><span style="color: #008000;">13 rue de la Mairie, 28270 Escorpain</span></p>
<p><span style="color: #0000ff;">Téléphone : 02 37 38 11 64<br /></span>Par email : <a href="http://www.escorpain.fr/?page_id=169" target="_blank" rel="noopener noreferrer">ici</a></p>
<hr />
<h3><span style="color: #0000ff;">Les élus</span></h3>
<p>Stéphan DEBACKER<br /><span style="color: #0000ff;">Pascal GUIMARD</span><br />Céline PRUVOT<br /><span style="color: #0000ff;">Dominique DAL</span><br />Sylvain DEBACKER<br /><span style="color: #0000ff;">Marie DAVIOUD</span><br />Florian ELIE<br /><span style="color: #0000ff;">Floriane MARCHADIER</span><br />Eric FOULON<br /><span style="color: #0000ff;">Sandrine KREBS</span><br />Marc CHASSA</p>
<hr />
<p><a href="http://www.escorpain.fr/?page_id=133">Contact</a></p>


<figure class="wp-block-image size-full"><img loading="lazy" decoding="async" width="809" height="604" src="https://www.escorpain.fr/wp-content/uploads/2022/07/image-14.png" alt="" class="wp-image-6722" srcset="https://www.escorpain.fr/wp-content/uploads/2022/07/image-14.png 809w, https://www.escorpain.fr/wp-content/uploads/2022/07/image-14-300x224.png 300w, https://www.escorpain.fr/wp-content/uploads/2022/07/image-14-768x573.png 768w" sizes="auto, (max-width: 809px) 100vw, 809px" /></figure>

<p>Horaires d&#8217;ouverture de la mairie d&#8217;Escorpain Lundi : 14h à 19hMercredi : 8h à 12hJeudi : 14h à 17h30 13 rue de la Mairie, 28270 Escorpain Téléphone : 02 37 38 11 64Par email : ici Les élus Stéphan DEBACKERPascal GUIMARDCéline PRUVOTDominique DALSylvain DEBACKERMarie DAVIOUDFlorian ELIEFloriane MARCHADIEREric FOULONSandrine KREBSMarc CHASSA Contact</p>
