{"id":4371,"date":"2021-01-11T09:28:37","date_gmt":"2021-01-11T08:28:37","guid":{"rendered":"https:\/\/www.escorpain.fr\/?page_id=4371"},"modified":"2022-02-14T14:12:55","modified_gmt":"2022-02-14T13:12:55","slug":"decheterie","status":"publish","type":"page","link":"https:\/\/www.escorpain.fr\/?page_id=4371","title":{"rendered":"D\u00e9chets"},"content":{"rendered":"\n<h2 class=\"wp-block-heading\" id=\"evolution-des-conditions-d-acces-en-decheteries\">Evolution des conditions d&#8217;acc\u00e8s en d\u00e9ch\u00e8teries<\/h2>\n\n\n\n<figure class=\"wp-block-image size-full\"><a href=\"https:\/\/www.escorpain.fr\/wp-content\/uploads\/2021\/12\/Article-pour-journal-communal_Particuliers.pdf\" target=\"_blank\" rel=\"noopener\"><img loading=\"lazy\" decoding=\"async\" width=\"596\" height=\"889\" src=\"https:\/\/www.escorpain.fr\/wp-content\/uploads\/2021\/12\/Article-pour-journal-communal_Particuliers-1.jpg\" alt=\"\" class=\"wp-image-5811\" srcset=\"https:\/\/www.escorpain.fr\/wp-content\/uploads\/2021\/12\/Article-pour-journal-communal_Particuliers-1.jpg 596w, https:\/\/www.escorpain.fr\/wp-content\/uploads\/2021\/12\/Article-pour-journal-communal_Particuliers-1-201x300.jpg 201w\" sizes=\"auto, (max-width: 596px) 100vw, 596px\" \/><\/figure>\n\n\n\n<figure class=\"wp-block-image size-full\"><img loading=\"lazy\" decoding=\"async\" width=\"574\" height=\"853\" src=\"https:\/\/www.escorpain.fr\/wp-content\/uploads\/2021\/12\/Article-pour-journal-communal_Particuliers-2.jpg\" alt=\"\" class=\"wp-image-5812\" srcset=\"https:\/\/www.escorpain.fr\/wp-content\/uploads\/2021\/12\/Article-pour-journal-communal_Particuliers-2.jpg 574w, https:\/\/www.escorpain.fr\/wp-content\/uploads\/2021\/12\/Article-pour-journal-communal_Particuliers-2-202x300.jpg 202w\" sizes=\"auto, (max-width: 574px) 100vw, 574px\" \/><\/a><\/figure>\n\n\n\n<figure class=\"wp-block-image size-full\"><a href=\"https:\/\/www.escorpain.fr\/wp-content\/uploads\/2021\/12\/Encart-pour-journal-communal_Professionnels.pdf\" target=\"_blank\" rel=\"noopener\"><img loading=\"lazy\" decoding=\"async\" width=\"959\" height=\"577\" src=\"https:\/\/www.escorpain.fr\/wp-content\/uploads\/2021\/12\/Article-pour-journal-communal_Pro.jpg\" alt=\"\" class=\"wp-image-5813\" srcset=\"https:\/\/www.escorpain.fr\/wp-content\/uploads\/2021\/12\/Article-pour-journal-communal_Pro.jpg 959w, https:\/\/www.escorpain.fr\/wp-content\/uploads\/2021\/12\/Article-pour-journal-communal_Pro-300x181.jpg 300w, https:\/\/www.escorpain.fr\/wp-content\/uploads\/2021\/12\/Article-pour-journal-communal_Pro-768x462.jpg 768w\" sizes=\"auto, (max-width: 959px) 100vw, 959px\" \/><\/a><\/figure>\n\n\n\n<figure class=\"wp-block-image size-full\"><a href=\"https:\/\/www.escorpain.fr\/wp-content\/uploads\/2021\/12\/Sitreva-verso-2.pdf\" target=\"_blank\" rel=\"noopener\"><img loading=\"lazy\" decoding=\"async\" width=\"633\" height=\"910\" src=\"https:\/\/www.escorpain.fr\/wp-content\/uploads\/2021\/12\/Sitreva-verso-2.jpg\" alt=\"\" class=\"wp-image-5817\" srcset=\"https:\/\/www.escorpain.fr\/wp-content\/uploads\/2021\/12\/Sitreva-verso-2.jpg 633w, https:\/\/www.escorpain.fr\/wp-content\/uploads\/2021\/12\/Sitreva-verso-2-209x300.jpg 209w\" sizes=\"auto, (max-width: 633px) 100vw, 633px\" \/><\/a><\/figure>\n","protected":false},"excerpt":{"rendered":"<p>Evolution des conditions d&#8217;acc\u00e8s en d\u00e9ch\u00e8teries<\/p>\n","protected":false},"author":1,"featured_media":0,"parent":641,"menu_order":0,"comment_status":"closed","ping_status":"closed","template":"","meta":{"_exactmetrics_skip_tracking":false,"_exactmetrics_sitenote_active":false,"_exactmetrics_sitenote_note":"","_exactmetrics_sitenote_category":0,"_s2mail":"no","footnotes":""},"class_list":["post-4371","page","type-page","status-publish","hentry"],"_links":{"self":[{"href":"https:\/\/www.escorpain.fr\/index.php?rest_route=\/wp\/v2\/pages\/4371","targetHints":{"allow":["GET"]}}],"collection":[{"href":"https:\/\/www.escorpain.fr\/index.php?rest_route=\/wp\/v2\/pages"}],"about":[{"href":"https:\/\/www.escorpain.fr\/index.php?rest_route=\/wp\/v2\/types\/page"}],"author":[{"embeddable":true,"href":"https:\/\/www.escorpain.fr\/index.php?rest_route=\/wp\/v2\/users\/1"}],"replies":[{"embeddable":true,"href":"https:\/\/www.escorpain.fr\/index.php?rest_route=%2Fwp%2Fv2%2Fcomments&post=4371"}],"version-history":[{"count":7,"href":"https:\/\/www.escorpain.fr\/index.php?rest_route=\/wp\/v2\/pages\/4371\/revisions"}],"predecessor-version":[{"id":6053,"href":"https:\/\/www.escorpain.fr\/index.php?rest_route=\/wp\/v2\/pages\/4371\/revisions\/6053"}],"up":[{"embeddable":true,"href":"https:\/\/www.escorpain.fr\/index.php?rest_route=\/wp\/v2\/pages\/641"}],"wp:attachment":[{"href":"https:\/\/www.escorpain.fr\/index.php?rest_route=%2Fwp%2Fv2%2Fmedia&parent=4371"}],"curies":[{"name":"wp","href":"https:\/\/api.w.org\/{rel}","templated":true}]}}