{"id":4579,"date":"2021-02-19T14:08:24","date_gmt":"2021-02-19T13:08:24","guid":{"rendered":"https:\/\/www.escorpain.fr\/?page_id=4579"},"modified":"2021-02-19T14:11:39","modified_gmt":"2021-02-19T13:11:39","slug":"archives-mairie","status":"publish","type":"page","link":"https:\/\/www.escorpain.fr\/?page_id=4579","title":{"rendered":"Archives mairie"},"content":{"rendered":"<p>V\u0152UX 2021 DE VOS CONSEILLERS D\u00c9PARTEMENTAUX &#8211; CANTON DE SAINT-LUBIN-DES-JONCHERETS<\/p>\n\n\n<figure class=\"wp-block-image size-large\"><img loading=\"lazy\" decoding=\"async\" width=\"831\" height=\"384\" src=\"https:\/\/www.escorpain.fr\/wp-content\/uploads\/2021\/01\/VOEUX-2021-DE-VOS-CONSEILLERS-DEPARTEMENTAUX-CANTON-DE-SAINT-LUBIN-DES-JONCHERETS.jpg\" alt=\"\" class=\"wp-image-4319\" srcset=\"https:\/\/www.escorpain.fr\/wp-content\/uploads\/2021\/01\/VOEUX-2021-DE-VOS-CONSEILLERS-DEPARTEMENTAUX-CANTON-DE-SAINT-LUBIN-DES-JONCHERETS.jpg 831w, https:\/\/www.escorpain.fr\/wp-content\/uploads\/2021\/01\/VOEUX-2021-DE-VOS-CONSEILLERS-DEPARTEMENTAUX-CANTON-DE-SAINT-LUBIN-DES-JONCHERETS-300x139.jpg 300w, https:\/\/www.escorpain.fr\/wp-content\/uploads\/2021\/01\/VOEUX-2021-DE-VOS-CONSEILLERS-DEPARTEMENTAUX-CANTON-DE-SAINT-LUBIN-DES-JONCHERETS-768x355.jpg 768w\" sizes=\"auto, (max-width: 831px) 100vw, 831px\" \/><\/figure>\n\n\n\n<p class=\"has-text-align-center\"><strong>Christelle MINARD<\/strong><br>Conseill\u00e8re d\u00e9partementale du canton de Saint-Lubin-des-Joncherets<br>Maire de Tremblay-les-Villages<\/p>\n\n\n\n<p class=\"has-text-align-center\">et<\/p>\n\n\n\n<p class=\"has-text-align-center\"><strong>G\u00e9rard SOURISSEAU<\/strong><br>Vice-Pr\u00e9sident du Conseil d\u00e9partemental<br>Pr\u00e9sident de Dreux Agglom\u00e9ration<br><br><span style=\"color:#0f6a91\" class=\"has-inline-color\"><strong><em>Vous remercient de votre confiance,<\/em><\/strong><br><strong><em>et vous pr\u00e9sentent leurs meilleurs v\u0153ux pour l\u2019ann\u00e9e 2021.<\/em><\/strong><\/span><\/p>\n\n\n<hr \/>\n<p>TOUS NOS VOEUX 2021<\/p>\n\n\n<figure class=\"wp-block-image size-large\"><a href=\"https:\/\/www.escorpain.fr\/wp-content\/uploads\/2021\/01\/20210104-Voeux.pdf\" target=\"_blank\" rel=\"noopener\"><img loading=\"lazy\" decoding=\"async\" width=\"653\" height=\"908\" src=\"https:\/\/www.escorpain.fr\/wp-content\/uploads\/2021\/01\/voeux-Escorpain-1.jpg\" alt=\"\" class=\"wp-image-4323\" srcset=\"https:\/\/www.escorpain.fr\/wp-content\/uploads\/2021\/01\/voeux-Escorpain-1.jpg 653w, https:\/\/www.escorpain.fr\/wp-content\/uploads\/2021\/01\/voeux-Escorpain-1-216x300.jpg 216w\" sizes=\"auto, (max-width: 653px) 100vw, 653px\" \/><\/figure>\n\n\n\n<figure class=\"wp-block-image size-large\"><img loading=\"lazy\" decoding=\"async\" width=\"649\" height=\"558\" src=\"https:\/\/www.escorpain.fr\/wp-content\/uploads\/2021\/01\/voeux-Escorpain-2.jpg\" alt=\"\" class=\"wp-image-4324\" srcset=\"https:\/\/www.escorpain.fr\/wp-content\/uploads\/2021\/01\/voeux-Escorpain-2.jpg 649w, https:\/\/www.escorpain.fr\/wp-content\/uploads\/2021\/01\/voeux-Escorpain-2-300x258.jpg 300w\" sizes=\"auto, (max-width: 649px) 100vw, 649px\" \/><\/figure>\n\n\n\n<figure class=\"wp-block-image size-large\"><img loading=\"lazy\" decoding=\"async\" width=\"652\" height=\"806\" src=\"https:\/\/www.escorpain.fr\/wp-content\/uploads\/2021\/01\/voeux-Escorpain-3.jpg\" alt=\"\" class=\"wp-image-4325\" srcset=\"https:\/\/www.escorpain.fr\/wp-content\/uploads\/2021\/01\/voeux-Escorpain-3.jpg 652w, https:\/\/www.escorpain.fr\/wp-content\/uploads\/2021\/01\/voeux-Escorpain-3-243x300.jpg 243w\" sizes=\"auto, (max-width: 652px) 100vw, 652px\" \/><\/figure>\n\n\n\n<figure class=\"wp-block-image size-large\"><img loading=\"lazy\" decoding=\"async\" width=\"652\" height=\"900\" src=\"https:\/\/www.escorpain.fr\/wp-content\/uploads\/2021\/01\/voeux-Escorpain-4.jpg\" alt=\"\" class=\"wp-image-4326\" srcset=\"https:\/\/www.escorpain.fr\/wp-content\/uploads\/2021\/01\/voeux-Escorpain-4.jpg 652w, https:\/\/www.escorpain.fr\/wp-content\/uploads\/2021\/01\/voeux-Escorpain-4-217x300.jpg 217w\" sizes=\"auto, (max-width: 652px) 100vw, 652px\" \/><\/figure>\n\n\n\n<figure class=\"wp-block-image size-large\"><img loading=\"lazy\" decoding=\"async\" width=\"652\" height=\"853\" src=\"https:\/\/www.escorpain.fr\/wp-content\/uploads\/2021\/01\/voeux-Escorpain-5.jpg\" alt=\"\" class=\"wp-image-4327\" srcset=\"https:\/\/www.escorpain.fr\/wp-content\/uploads\/2021\/01\/voeux-Escorpain-5.jpg 652w, https:\/\/www.escorpain.fr\/wp-content\/uploads\/2021\/01\/voeux-Escorpain-5-229x300.jpg 229w\" sizes=\"auto, (max-width: 652px) 100vw, 652px\" \/><\/figure>\n\n\n\n<figure class=\"wp-block-image size-large\"><img loading=\"lazy\" decoding=\"async\" width=\"652\" height=\"901\" src=\"https:\/\/www.escorpain.fr\/wp-content\/uploads\/2021\/01\/voeux-Escorpain-6.jpg\" alt=\"\" class=\"wp-image-4328\" srcset=\"https:\/\/www.escorpain.fr\/wp-content\/uploads\/2021\/01\/voeux-Escorpain-6.jpg 652w, https:\/\/www.escorpain.fr\/wp-content\/uploads\/2021\/01\/voeux-Escorpain-6-217x300.jpg 217w\" sizes=\"auto, (max-width: 652px) 100vw, 652px\" \/><\/figure>\n\n\n\n<figure class=\"wp-block-image size-large\"><img loading=\"lazy\" decoding=\"async\" width=\"645\" height=\"843\" src=\"https:\/\/www.escorpain.fr\/wp-content\/uploads\/2021\/01\/voeux-Escorpain-7.jpg\" alt=\"\" class=\"wp-image-4329\" srcset=\"https:\/\/www.escorpain.fr\/wp-content\/uploads\/2021\/01\/voeux-Escorpain-7.jpg 645w, https:\/\/www.escorpain.fr\/wp-content\/uploads\/2021\/01\/voeux-Escorpain-7-230x300.jpg 230w\" sizes=\"auto, (max-width: 645px) 100vw, 645px\" \/><\/figure>\n\n\n\n<figure class=\"wp-block-image size-large\"><img loading=\"lazy\" decoding=\"async\" width=\"650\" height=\"900\" src=\"https:\/\/www.escorpain.fr\/wp-content\/uploads\/2021\/01\/voeux-Escorpain-8.jpg\" alt=\"\" class=\"wp-image-4330\" srcset=\"https:\/\/www.escorpain.fr\/wp-content\/uploads\/2021\/01\/voeux-Escorpain-8.jpg 650w, https:\/\/www.escorpain.fr\/wp-content\/uploads\/2021\/01\/voeux-Escorpain-8-217x300.jpg 217w\" sizes=\"auto, (max-width: 650px) 100vw, 650px\" \/><\/figure>\n\n\n\n<figure class=\"wp-block-image size-large\"><img loading=\"lazy\" decoding=\"async\" width=\"642\" height=\"848\" src=\"https:\/\/www.escorpain.fr\/wp-content\/uploads\/2021\/01\/voeux-Escorpain-9.jpg\" alt=\"\" class=\"wp-image-4331\" srcset=\"https:\/\/www.escorpain.fr\/wp-content\/uploads\/2021\/01\/voeux-Escorpain-9.jpg 642w, https:\/\/www.escorpain.fr\/wp-content\/uploads\/2021\/01\/voeux-Escorpain-9-227x300.jpg 227w\" sizes=\"auto, (max-width: 642px) 100vw, 642px\" \/><\/a><\/figure>\n\n\n<p>\u00a0<\/p>\n<hr \/>\n<p>CR\u00c8CHE DE NO\u00cbL \u00c0 ESCORPAIN<\/p>\n\n\n<p>Les personnes souhaitant participer au montage de la cr\u00e8che seront les bienvenues le <strong><span style=\"color:#f50d28\" class=\"has-inline-color\">Samedi 5 d\u00e9cembre 2020<\/span><\/strong>  \u00e0 <strong><span style=\"color:#f50d28\" class=\"has-inline-color\">8 H 45<\/span><\/strong> \u00e0 l\u2019\u00e9glise. <\/p>\n\n\n\n<p>Merci de pr\u00e9voir une paire de gants&nbsp;et un s\u00e9cateur.<\/p>\n\n\n\n<figure class=\"wp-block-image size-large\"><img loading=\"lazy\" decoding=\"async\" width=\"631\" height=\"382\" src=\"https:\/\/www.escorpain.fr\/wp-content\/uploads\/2020\/12\/image.png\" alt=\"\" class=\"wp-image-4161\" srcset=\"https:\/\/www.escorpain.fr\/wp-content\/uploads\/2020\/12\/image.png 631w, https:\/\/www.escorpain.fr\/wp-content\/uploads\/2020\/12\/image-300x182.png 300w\" sizes=\"auto, (max-width: 631px) 100vw, 631px\" \/><\/figure>\n\n\n<hr \/>\n<p>SAPIN DE NOEL SUR LA COMMUNE<\/p>\n\n\n<p>3 sapins ont \u00e9t\u00e9 plac\u00e9s et d\u00e9cor\u00e9s sur la commune<\/p>\n\n\n\n<p>1 \u00e0 Romainvilliers<\/p>\n\n\n\n<p>1 aux Authieux<\/p>\n\n\n\n<p>1 \u00e0 Escorpain au carrefour de l\u2019\u00e9glise<\/p>\n\n\n\n<figure class=\"wp-block-image size-large\"><a href=\"https:\/\/www.escorpain.fr\/wp-content\/uploads\/2020\/12\/2020-12-Sapin-Escorpain-rotated.jpg\" target=\"_blank\" rel=\"noopener noreferrer\"><img loading=\"lazy\" decoding=\"async\" width=\"480\" height=\"640\" src=\"https:\/\/www.escorpain.fr\/wp-content\/uploads\/2020\/12\/2020-12-Sapin-Escorpain-rotated.jpg\" alt=\"\" class=\"wp-image-4166\" srcset=\"https:\/\/www.escorpain.fr\/wp-content\/uploads\/2020\/12\/2020-12-Sapin-Escorpain-rotated.jpg 480w, https:\/\/www.escorpain.fr\/wp-content\/uploads\/2020\/12\/2020-12-Sapin-Escorpain-225x300.jpg 225w\" sizes=\"auto, (max-width: 480px) 100vw, 480px\" \/><\/a><\/figure>\n\n\n<hr \/>\n<p>D\u00c9GRADATIONS SUR LA COMMUNE<\/p>\n\n\n<p>Apr\u00e8s la cr\u00e8che le week-end dernier, maintenant c&#8217;est l&#8217;arr\u00eat de bus&#8230;<\/p>\n\n\n\n<p>C&#8217;est navrant !<\/p>\n\n\n\n<figure class=\"wp-block-image size-large\"><a href=\"httpswww.escorpain.frwp-contentuploads202012Degradations-sur-la-commune-rotated.jpg\" target=\"_blank\" rel=\"noopener\"><img loading=\"lazy\" decoding=\"async\" width=\"480\" height=\"640\" src=\"https:\/\/www.escorpain.fr\/wp-content\/uploads\/2020\/12\/Degradations-sur-la-commune-rotated.jpg\" alt=\"\" class=\"wp-image-4284\" srcset=\"https:\/\/www.escorpain.fr\/wp-content\/uploads\/2020\/12\/Degradations-sur-la-commune-rotated.jpg 480w, https:\/\/www.escorpain.fr\/wp-content\/uploads\/2020\/12\/Degradations-sur-la-commune-225x300.jpg 225w\" sizes=\"auto, (max-width: 480px) 100vw, 480px\" \/><\/a><\/figure>\n\n\n\n<figure class=\"wp-block-image size-large\"><a href=\"https:\/\/www.escorpain.fr\/wp-content\/uploads\/2020\/12\/Degradations-sur-la-commune-mot-rotated.jpg\" target=\"_blank\" rel=\"noopener\"><img loading=\"lazy\" decoding=\"async\" width=\"480\" height=\"640\" src=\"https:\/\/www.escorpain.fr\/wp-content\/uploads\/2020\/12\/Degradations-sur-la-commune-mot-rotated.jpg\" alt=\"\" class=\"wp-image-4285\" srcset=\"https:\/\/www.escorpain.fr\/wp-content\/uploads\/2020\/12\/Degradations-sur-la-commune-mot-rotated.jpg 480w, https:\/\/www.escorpain.fr\/wp-content\/uploads\/2020\/12\/Degradations-sur-la-commune-mot-225x300.jpg 225w\" sizes=\"auto, (max-width: 480px) 100vw, 480px\" \/><\/a><\/figure>\n","protected":false},"excerpt":{"rendered":"<p>V\u0152UX 2021 DE VOS CONSEILLERS D\u00c9PARTEMENTAUX &#8211; CANTON DE SAINT-LUBIN-DES-JONCHERETS Christelle MINARDConseill\u00e8re d\u00e9partementale du canton de Saint-Lubin-des-JoncheretsMaire de Tremblay-les-Villages et G\u00e9rard SOURISSEAUVice-Pr\u00e9sident du Conseil d\u00e9partementalPr\u00e9sident de Dreux Agglom\u00e9ration Vous remercient de votre confiance,et vous pr\u00e9sentent leurs meilleurs v\u0153ux pour l\u2019ann\u00e9e 2021. TOUS NOS VOEUX 2021 \u00a0 CR\u00c8CHE DE NO\u00cbL \u00c0 ESCORPAIN Les personnes souhaitant participer &hellip; <a href=\"https:\/\/www.escorpain.fr\/?page_id=4579\" class=\"more-link\">Continuer la lecture de <span class=\"screen-reader-text\">Archives mairie<\/span>  <span class=\"meta-nav\">&rarr;<\/span><\/a><\/p>\n","protected":false},"author":1,"featured_media":0,"parent":0,"menu_order":0,"comment_status":"closed","ping_status":"closed","template":"","meta":{"_exactmetrics_skip_tracking":false,"_exactmetrics_sitenote_active":false,"_exactmetrics_sitenote_note":"","_exactmetrics_sitenote_category":0,"_s2mail":"no","footnotes":""},"class_list":["post-4579","page","type-page","status-publish","hentry"],"_links":{"self":[{"href":"https:\/\/www.escorpain.fr\/index.php?rest_route=\/wp\/v2\/pages\/4579","targetHints":{"allow":["GET"]}}],"collection":[{"href":"https:\/\/www.escorpain.fr\/index.php?rest_route=\/wp\/v2\/pages"}],"about":[{"href":"https:\/\/www.escorpain.fr\/index.php?rest_route=\/wp\/v2\/types\/page"}],"author":[{"embeddable":true,"href":"https:\/\/www.escorpain.fr\/index.php?rest_route=\/wp\/v2\/users\/1"}],"replies":[{"embeddable":true,"href":"https:\/\/www.escorpain.fr\/index.php?rest_route=%2Fwp%2Fv2%2Fcomments&post=4579"}],"version-history":[{"count":3,"href":"https:\/\/www.escorpain.fr\/index.php?rest_route=\/wp\/v2\/pages\/4579\/revisions"}],"predecessor-version":[{"id":4585,"href":"https:\/\/www.escorpain.fr\/index.php?rest_route=\/wp\/v2\/pages\/4579\/revisions\/4585"}],"wp:attachment":[{"href":"https:\/\/www.escorpain.fr\/index.php?rest_route=%2Fwp%2Fv2%2Fmedia&parent=4579"}],"curies":[{"name":"wp","href":"https:\/\/api.w.org\/{rel}","templated":true}]}}

<p>VŒUX 2021 DE VOS CONSEILLERS DÉPARTEMENTAUX &#8211; CANTON DE SAINT-LUBIN-DES-JONCHERETS</p>


<figure class="wp-block-image size-large"><img loading="lazy" decoding="async" width="831" height="384" src="https://www.escorpain.fr/wp-content/uploads/2021/01/VOEUX-2021-DE-VOS-CONSEILLERS-DEPARTEMENTAUX-CANTON-DE-SAINT-LUBIN-DES-JONCHERETS.jpg" alt="" class="wp-image-4319" srcset="https://www.escorpain.fr/wp-content/uploads/2021/01/VOEUX-2021-DE-VOS-CONSEILLERS-DEPARTEMENTAUX-CANTON-DE-SAINT-LUBIN-DES-JONCHERETS.jpg 831w, https://www.escorpain.fr/wp-content/uploads/2021/01/VOEUX-2021-DE-VOS-CONSEILLERS-DEPARTEMENTAUX-CANTON-DE-SAINT-LUBIN-DES-JONCHERETS-300x139.jpg 300w, https://www.escorpain.fr/wp-content/uploads/2021/01/VOEUX-2021-DE-VOS-CONSEILLERS-DEPARTEMENTAUX-CANTON-DE-SAINT-LUBIN-DES-JONCHERETS-768x355.jpg 768w" sizes="auto, (max-width: 831px) 100vw, 831px" /></figure>



<p class="has-text-align-center"><strong>Christelle MINARD</strong><br>Conseillère départementale du canton de Saint-Lubin-des-Joncherets<br>Maire de Tremblay-les-Villages</p>



<p class="has-text-align-center">et</p>



<p class="has-text-align-center"><strong>Gérard SOURISSEAU</strong><br>Vice-Président du Conseil départemental<br>Président de Dreux Agglomération<br><br><span style="color:#0f6a91" class="has-inline-color"><strong><em>Vous remercient de votre confiance,</em></strong><br><strong><em>et vous présentent leurs meilleurs vœux pour l’année 2021.</em></strong></span></p>


<hr />
<p>TOUS NOS VOEUX 2021</p>


<figure class="wp-block-image size-large"><a href="https://www.escorpain.fr/wp-content/uploads/2021/01/20210104-Voeux.pdf" target="_blank" rel="noopener"><img loading="lazy" decoding="async" width="653" height="908" src="https://www.escorpain.fr/wp-content/uploads/2021/01/voeux-Escorpain-1.jpg" alt="" class="wp-image-4323" srcset="https://www.escorpain.fr/wp-content/uploads/2021/01/voeux-Escorpain-1.jpg 653w, https://www.escorpain.fr/wp-content/uploads/2021/01/voeux-Escorpain-1-216x300.jpg 216w" sizes="auto, (max-width: 653px) 100vw, 653px" /></figure>



<figure class="wp-block-image size-large"><img loading="lazy" decoding="async" width="649" height="558" src="https://www.escorpain.fr/wp-content/uploads/2021/01/voeux-Escorpain-2.jpg" alt="" class="wp-image-4324" srcset="https://www.escorpain.fr/wp-content/uploads/2021/01/voeux-Escorpain-2.jpg 649w, https://www.escorpain.fr/wp-content/uploads/2021/01/voeux-Escorpain-2-300x258.jpg 300w" sizes="auto, (max-width: 649px) 100vw, 649px" /></figure>



<figure class="wp-block-image size-large"><img loading="lazy" decoding="async" width="652" height="806" src="https://www.escorpain.fr/wp-content/uploads/2021/01/voeux-Escorpain-3.jpg" alt="" class="wp-image-4325" srcset="https://www.escorpain.fr/wp-content/uploads/2021/01/voeux-Escorpain-3.jpg 652w, https://www.escorpain.fr/wp-content/uploads/2021/01/voeux-Escorpain-3-243x300.jpg 243w" sizes="auto, (max-width: 652px) 100vw, 652px" /></figure>



<figure class="wp-block-image size-large"><img loading="lazy" decoding="async" width="652" height="900" src="https://www.escorpain.fr/wp-content/uploads/2021/01/voeux-Escorpain-4.jpg" alt="" class="wp-image-4326" srcset="https://www.escorpain.fr/wp-content/uploads/2021/01/voeux-Escorpain-4.jpg 652w, https://www.escorpain.fr/wp-content/uploads/2021/01/voeux-Escorpain-4-217x300.jpg 217w" sizes="auto, (max-width: 652px) 100vw, 652px" /></figure>



<figure class="wp-block-image size-large"><img loading="lazy" decoding="async" width="652" height="853" src="https://www.escorpain.fr/wp-content/uploads/2021/01/voeux-Escorpain-5.jpg" alt="" class="wp-image-4327" srcset="https://www.escorpain.fr/wp-content/uploads/2021/01/voeux-Escorpain-5.jpg 652w, https://www.escorpain.fr/wp-content/uploads/2021/01/voeux-Escorpain-5-229x300.jpg 229w" sizes="auto, (max-width: 652px) 100vw, 652px" /></figure>



<figure class="wp-block-image size-large"><img loading="lazy" decoding="async" width="652" height="901" src="https://www.escorpain.fr/wp-content/uploads/2021/01/voeux-Escorpain-6.jpg" alt="" class="wp-image-4328" srcset="https://www.escorpain.fr/wp-content/uploads/2021/01/voeux-Escorpain-6.jpg 652w, https://www.escorpain.fr/wp-content/uploads/2021/01/voeux-Escorpain-6-217x300.jpg 217w" sizes="auto, (max-width: 652px) 100vw, 652px" /></figure>



<figure class="wp-block-image size-large"><img loading="lazy" decoding="async" width="645" height="843" src="https://www.escorpain.fr/wp-content/uploads/2021/01/voeux-Escorpain-7.jpg" alt="" class="wp-image-4329" srcset="https://www.escorpain.fr/wp-content/uploads/2021/01/voeux-Escorpain-7.jpg 645w, https://www.escorpain.fr/wp-content/uploads/2021/01/voeux-Escorpain-7-230x300.jpg 230w" sizes="auto, (max-width: 645px) 100vw, 645px" /></figure>



<figure class="wp-block-image size-large"><img loading="lazy" decoding="async" width="650" height="900" src="https://www.escorpain.fr/wp-content/uploads/2021/01/voeux-Escorpain-8.jpg" alt="" class="wp-image-4330" srcset="https://www.escorpain.fr/wp-content/uploads/2021/01/voeux-Escorpain-8.jpg 650w, https://www.escorpain.fr/wp-content/uploads/2021/01/voeux-Escorpain-8-217x300.jpg 217w" sizes="auto, (max-width: 650px) 100vw, 650px" /></figure>



<figure class="wp-block-image size-large"><img loading="lazy" decoding="async" width="642" height="848" src="https://www.escorpain.fr/wp-content/uploads/2021/01/voeux-Escorpain-9.jpg" alt="" class="wp-image-4331" srcset="https://www.escorpain.fr/wp-content/uploads/2021/01/voeux-Escorpain-9.jpg 642w, https://www.escorpain.fr/wp-content/uploads/2021/01/voeux-Escorpain-9-227x300.jpg 227w" sizes="auto, (max-width: 642px) 100vw, 642px" /></a></figure>


<p> </p>
<hr />
<p>CRÈCHE DE NOËL À ESCORPAIN</p>


<p>Les personnes souhaitant participer au montage de la crèche seront les bienvenues le <strong><span style="color:#f50d28" class="has-inline-color">Samedi 5 décembre 2020</span></strong>  à <strong><span style="color:#f50d28" class="has-inline-color">8 H 45</span></strong> à l’église. </p>



<p>Merci de prévoir une paire de gants&nbsp;et un sécateur.</p>



<figure class="wp-block-image size-large"><img loading="lazy" decoding="async" width="631" height="382" src="https://www.escorpain.fr/wp-content/uploads/2020/12/image.png" alt="" class="wp-image-4161" srcset="https://www.escorpain.fr/wp-content/uploads/2020/12/image.png 631w, https://www.escorpain.fr/wp-content/uploads/2020/12/image-300x182.png 300w" sizes="auto, (max-width: 631px) 100vw, 631px" /></figure>


<hr />
<p>SAPIN DE NOEL SUR LA COMMUNE</p>


<p>3 sapins ont été placés et décorés sur la commune</p>



<p>1 à Romainvilliers</p>



<p>1 aux Authieux</p>



<p>1 à Escorpain au carrefour de l’église</p>



<figure class="wp-block-image size-large"><a href="https://www.escorpain.fr/wp-content/uploads/2020/12/2020-12-Sapin-Escorpain-rotated.jpg" target="_blank" rel="noopener noreferrer"><img loading="lazy" decoding="async" width="480" height="640" src="https://www.escorpain.fr/wp-content/uploads/2020/12/2020-12-Sapin-Escorpain-rotated.jpg" alt="" class="wp-image-4166" srcset="https://www.escorpain.fr/wp-content/uploads/2020/12/2020-12-Sapin-Escorpain-rotated.jpg 480w, https://www.escorpain.fr/wp-content/uploads/2020/12/2020-12-Sapin-Escorpain-225x300.jpg 225w" sizes="auto, (max-width: 480px) 100vw, 480px" /></a></figure>


<hr />
<p>DÉGRADATIONS SUR LA COMMUNE</p>


<p>Après la crèche le week-end dernier, maintenant c&#8217;est l&#8217;arrêt de bus&#8230;</p>



<p>C&#8217;est navrant !</p>



<figure class="wp-block-image size-large"><a href="httpswww.escorpain.frwp-contentuploads202012Degradations-sur-la-commune-rotated.jpg" target="_blank" rel="noopener"><img loading="lazy" decoding="async" width="480" height="640" src="https://www.escorpain.fr/wp-content/uploads/2020/12/Degradations-sur-la-commune-rotated.jpg" alt="" class="wp-image-4284" srcset="https://www.escorpain.fr/wp-content/uploads/2020/12/Degradations-sur-la-commune-rotated.jpg 480w, https://www.escorpain.fr/wp-content/uploads/2020/12/Degradations-sur-la-commune-225x300.jpg 225w" sizes="auto, (max-width: 480px) 100vw, 480px" /></a></figure>



<figure class="wp-block-image size-large"><a href="https://www.escorpain.fr/wp-content/uploads/2020/12/Degradations-sur-la-commune-mot-rotated.jpg" target="_blank" rel="noopener"><img loading="lazy" decoding="async" width="480" height="640" src="https://www.escorpain.fr/wp-content/uploads/2020/12/Degradations-sur-la-commune-mot-rotated.jpg" alt="" class="wp-image-4285" srcset="https://www.escorpain.fr/wp-content/uploads/2020/12/Degradations-sur-la-commune-mot-rotated.jpg 480w, https://www.escorpain.fr/wp-content/uploads/2020/12/Degradations-sur-la-commune-mot-225x300.jpg 225w" sizes="auto, (max-width: 480px) 100vw, 480px" /></a></figure>

<p>VŒUX 2021 DE VOS CONSEILLERS DÉPARTEMENTAUX &#8211; CANTON DE SAINT-LUBIN-DES-JONCHERETS Christelle MINARDConseillère départementale du canton de Saint-Lubin-des-JoncheretsMaire de Tremblay-les-Villages et Gérard SOURISSEAUVice-Président du Conseil départementalPrésident de Dreux Agglomération Vous remercient de votre confiance,et vous présentent leurs meilleurs vœux pour l’année 2021. TOUS NOS VOEUX 2021   CRÈCHE DE NOËL À ESCORPAIN Les personnes souhaitant participer &hellip; <a href="https://www.escorpain.fr/?page_id=4579" class="more-link">Continuer la lecture de <span class="screen-reader-text">Archives mairie</span>  <span class="meta-nav">&rarr;</span></a></p>
